{"id":11207,"date":"2026-04-26T18:27:48","date_gmt":"2026-04-26T16:27:48","guid":{"rendered":"https:\/\/www.bynaldis-shop.com\/?post_type=product&#038;p=11207"},"modified":"2026-05-05T10:51:44","modified_gmt":"2026-05-05T08:51:44","slug":"willow-tree-gemeinsam","status":"publish","type":"product","link":"https:\/\/www.bynaldis-shop.com\/?product=willow-tree-gemeinsam","title":{"rendered":"Willow Tree &#8211; Gemeinsam"},"content":{"rendered":"<div>\n<div class=\"hidden-xs\"><\/div>\n<\/div>\n<div>Willow Tree ist eine intime Linie figurativer Skulpturen, die Gef\u00fchle von Liebe, N\u00e4he, Heilung, Mut, Hoffnung &#8230; all den Emotionen, denen wir im Leben begegnen, repr\u00e4sentieren. Die K\u00fcnstlerin Susan Lordi schnitzt das Original jeder Weidenbaum-Skulptur von Hand. Die St\u00fccke werden aus gegossenem Stein aus ihren urspr\u00fcnglichen Schnitzereien gefertigt und dann einzeln von Hand mit bleifreier Farbe bemalt. &#8222;Ich versuche, die Interpretation von Willow Tree offen zu halten. Ich hoffe, das macht sie pers\u00f6nlicher und l\u00e4sst den Betrachter ihre Bedeutung bestimmen.&#8220; \u2013 Susan Lordi. Geliefert in einer gebrandeten Geschenkbox und einem Geschenkanh\u00e4nger mit der Aufschrift &#8218;F\u00fcr diejenigen, die ihren wahren Partner in Liebe und Leben gefunden haben&#8216;. Ein wundersch\u00f6nes Geschenk zum Valentinstag. Kein Spielzeug oder Kinderprodukt. Nur f\u00fcr Erwachsene gedacht.<\/div>\n<div><\/div>\n<div>Gussstein, handbemalt, Geschenkbox inklusive Geschenkanh\u00e4nger mit Spruch<\/div>\n","protected":false},"excerpt":{"rendered":"<p>Willow Tree ist eine intime Linie figurativer Skulpturen, die Gef\u00fchle von Liebe, N\u00e4he, Heilung, Mut, Hoffnung &#8230; all den Emotionen, denen wir im Leben begegnen, repr\u00e4sentieren. Die K\u00fcnstlerin Susan Lordi schnitzt das Original jeder Weidenbaum-Skulptur von Hand. Die St\u00fccke werden aus gegossenem Stein aus ihren urspr\u00fcnglichen Schnitzereien gefertigt und dann einzeln von Hand mit bleifreier [&hellip;]<\/p>\n<p><a class=\"read-more\" href=\"https:\/\/www.bynaldis-shop.com\/?product=willow-tree-gemeinsam\">Mehr lesen<span class=\"meta-nav\">&rarr;<\/span><\/a><\/p>\n","protected":false},"featured_media":11208,"template":"","meta":[],"product_brand":[],"product_cat":[253,174],"product_tag":[],"class_list":{"0":"post-11207","1":"product","2":"type-product","3":"status-publish","4":"has-post-thumbnail","6":"product_cat-neu","7":"product_cat-willow-tree","9":"first","10":"instock","11":"taxable","12":"shipping-taxable","13":"purchasable","14":"product-type-simple"},"_links":{"self":[{"href":"https:\/\/www.bynaldis-shop.com\/index.php?rest_route=\/wp\/v2\/product\/11207","targetHints":{"allow":["GET"]}}],"collection":[{"href":"https:\/\/www.bynaldis-shop.com\/index.php?rest_route=\/wp\/v2\/product"}],"about":[{"href":"https:\/\/www.bynaldis-shop.com\/index.php?rest_route=\/wp\/v2\/types\/product"}],"wp:featuredmedia":[{"embeddable":true,"href":"https:\/\/www.bynaldis-shop.com\/index.php?rest_route=\/wp\/v2\/media\/11208"}],"wp:attachment":[{"href":"https:\/\/www.bynaldis-shop.com\/index.php?rest_route=%2Fwp%2Fv2%2Fmedia&parent=11207"}],"wp:term":[{"taxonomy":"product_brand","embeddable":true,"href":"https:\/\/www.bynaldis-shop.com\/index.php?rest_route=%2Fwp%2Fv2%2Fproduct_brand&post=11207"},{"taxonomy":"product_cat","embeddable":true,"href":"https:\/\/www.bynaldis-shop.com\/index.php?rest_route=%2Fwp%2Fv2%2Fproduct_cat&post=11207"},{"taxonomy":"product_tag","embeddable":true,"href":"https:\/\/www.bynaldis-shop.com\/index.php?rest_route=%2Fwp%2Fv2%2Fproduct_tag&post=11207"}],"curies":[{"name":"wp","href":"https:\/\/api.w.org\/{rel}","templated":true}]}}