{"id":11191,"date":"2026-04-26T17:47:15","date_gmt":"2026-04-26T15:47:15","guid":{"rendered":"https:\/\/www.bynaldis-shop.com\/?post_type=product&#038;p=11191"},"modified":"2026-05-05T11:03:39","modified_gmt":"2026-05-05T09:03:39","slug":"willow-tree-bruder-und-schwester","status":"publish","type":"product","link":"https:\/\/www.bynaldis-shop.com\/?product=willow-tree-bruder-und-schwester","title":{"rendered":"Willow Tree &#8211; Bruder und Schwester"},"content":{"rendered":"<div>Willow Tree ist eine intime Reihe figurativer Skulpturen, die Gef\u00fchle von Liebe, N\u00e4he, Heilung, Mut, Hoffnung &#8230; all den Gef\u00fchlen, denen wir im Leben begegnen, repr\u00e4sentieren. &#8222;Das Wort &#8218;An meiner Seite&#8216; spielt auf den gemeinsamen Hintergrund mit unseren Geschwistern an; die unausgesprochene Unterst\u00fctzung und best\u00e4ndige Pr\u00e4senz, die wir als Kinder oft als selbstverst\u00e4ndlich ansehen, aber mit zunehmendem Alter zu sch\u00e4tzen lernen. Es k\u00f6nnte auch bedeuten, dass unser Geschwister, egal wo wir sind, wirklich immer an unserer Seite ist.&#8220; &#8211; Susan Lordi. Der Gegenstand ist aus gegossenem Stein gefertigt und mit bleifreier Farbe handbemalt. Geliefert in einer Marken-Geschenkbox und einem Geschenkanh\u00e4nger mit der Aufschrift &#8218;An meiner Seite&#8216;. Kein Spielzeug oder Kinderprodukt. Nur f\u00fcr Erwachsene bestimmt.<\/div>\n<div><\/div>\n<div>Gussstein, handbemalt, Geschenkbox inklusive Geschenkanh\u00e4nger mit Spruch<\/div>\n","protected":false},"excerpt":{"rendered":"<p>Willow Tree ist eine intime Reihe figurativer Skulpturen, die Gef\u00fchle von Liebe, N\u00e4he, Heilung, Mut, Hoffnung &#8230; all den Gef\u00fchlen, denen wir im Leben begegnen, repr\u00e4sentieren. &#8222;Das Wort &#8218;An meiner Seite&#8216; spielt auf den gemeinsamen Hintergrund mit unseren Geschwistern an; die unausgesprochene Unterst\u00fctzung und best\u00e4ndige Pr\u00e4senz, die wir als Kinder oft als selbstverst\u00e4ndlich ansehen, aber [&hellip;]<\/p>\n<p><a class=\"read-more\" href=\"https:\/\/www.bynaldis-shop.com\/?product=willow-tree-bruder-und-schwester\">Mehr lesen<span class=\"meta-nav\">&rarr;<\/span><\/a><\/p>\n","protected":false},"featured_media":11192,"template":"","meta":[],"product_brand":[],"product_cat":[253,174],"product_tag":[],"class_list":{"0":"post-11191","1":"product","2":"type-product","3":"status-publish","4":"has-post-thumbnail","6":"product_cat-neu","7":"product_cat-willow-tree","9":"first","10":"instock","11":"taxable","12":"shipping-taxable","13":"purchasable","14":"product-type-simple"},"_links":{"self":[{"href":"https:\/\/www.bynaldis-shop.com\/index.php?rest_route=\/wp\/v2\/product\/11191","targetHints":{"allow":["GET"]}}],"collection":[{"href":"https:\/\/www.bynaldis-shop.com\/index.php?rest_route=\/wp\/v2\/product"}],"about":[{"href":"https:\/\/www.bynaldis-shop.com\/index.php?rest_route=\/wp\/v2\/types\/product"}],"wp:featuredmedia":[{"embeddable":true,"href":"https:\/\/www.bynaldis-shop.com\/index.php?rest_route=\/wp\/v2\/media\/11192"}],"wp:attachment":[{"href":"https:\/\/www.bynaldis-shop.com\/index.php?rest_route=%2Fwp%2Fv2%2Fmedia&parent=11191"}],"wp:term":[{"taxonomy":"product_brand","embeddable":true,"href":"https:\/\/www.bynaldis-shop.com\/index.php?rest_route=%2Fwp%2Fv2%2Fproduct_brand&post=11191"},{"taxonomy":"product_cat","embeddable":true,"href":"https:\/\/www.bynaldis-shop.com\/index.php?rest_route=%2Fwp%2Fv2%2Fproduct_cat&post=11191"},{"taxonomy":"product_tag","embeddable":true,"href":"https:\/\/www.bynaldis-shop.com\/index.php?rest_route=%2Fwp%2Fv2%2Fproduct_tag&post=11191"}],"curies":[{"name":"wp","href":"https:\/\/api.w.org\/{rel}","templated":true}]}}