{"id":11187,"date":"2026-04-26T17:44:01","date_gmt":"2026-04-26T15:44:01","guid":{"rendered":"https:\/\/www.bynaldis-shop.com\/?post_type=product&#038;p=11187"},"modified":"2026-05-05T11:04:47","modified_gmt":"2026-05-05T09:04:47","slug":"willow-tree-heller-stern","status":"publish","type":"product","link":"https:\/\/www.bynaldis-shop.com\/?product=willow-tree-heller-stern","title":{"rendered":"Willow Tree &#8211; Heller Stern"},"content":{"rendered":"<div>Ein Geschenk f\u00fcr Absolventen oder Lehrer oder zur Feier besonderer Leistungen. Kann zur Krippenausstellung hinzugef\u00fcgt werden. &#8222;Der helle Stern kann ein Gl\u00fcckwunschgeschenk f\u00fcr einen Freund oder ein Kind sein; sie kann ein funkelnder Engel zur Weihnachtsfeier sein. Ihr Stern kann die strahlende Pers\u00f6nlichkeit oder innere Sch\u00f6nheit des Empf\u00e4ngers widerspiegeln.&#8220; &#8211; Susan Lordi. Diese Figur enth\u00e4lt einen Geschenkanh\u00e4nger mit dem Spruch &#8218;Reflektiert ein Licht von innen&#8216;.<\/div>\n<div><\/div>\n<div>Gussstein, handbemalt, Geschenkbox inklusive Geschenkanh\u00e4nger mit Spruch<\/div>\n","protected":false},"excerpt":{"rendered":"<p>Ein Geschenk f\u00fcr Absolventen oder Lehrer oder zur Feier besonderer Leistungen. Kann zur Krippenausstellung hinzugef\u00fcgt werden. &#8222;Der helle Stern kann ein Gl\u00fcckwunschgeschenk f\u00fcr einen Freund oder ein Kind sein; sie kann ein funkelnder Engel zur Weihnachtsfeier sein. Ihr Stern kann die strahlende Pers\u00f6nlichkeit oder innere Sch\u00f6nheit des Empf\u00e4ngers widerspiegeln.&#8220; &#8211; Susan Lordi. Diese Figur enth\u00e4lt [&hellip;]<\/p>\n<p><a class=\"read-more\" href=\"https:\/\/www.bynaldis-shop.com\/?product=willow-tree-heller-stern\">Mehr lesen<span class=\"meta-nav\">&rarr;<\/span><\/a><\/p>\n","protected":false},"featured_media":11188,"template":"","meta":[],"product_brand":[],"product_cat":[253,174],"product_tag":[],"class_list":{"0":"post-11187","1":"product","2":"type-product","3":"status-publish","4":"has-post-thumbnail","6":"product_cat-neu","7":"product_cat-willow-tree","9":"first","10":"instock","11":"taxable","12":"shipping-taxable","13":"purchasable","14":"product-type-simple"},"_links":{"self":[{"href":"https:\/\/www.bynaldis-shop.com\/index.php?rest_route=\/wp\/v2\/product\/11187","targetHints":{"allow":["GET"]}}],"collection":[{"href":"https:\/\/www.bynaldis-shop.com\/index.php?rest_route=\/wp\/v2\/product"}],"about":[{"href":"https:\/\/www.bynaldis-shop.com\/index.php?rest_route=\/wp\/v2\/types\/product"}],"wp:featuredmedia":[{"embeddable":true,"href":"https:\/\/www.bynaldis-shop.com\/index.php?rest_route=\/wp\/v2\/media\/11188"}],"wp:attachment":[{"href":"https:\/\/www.bynaldis-shop.com\/index.php?rest_route=%2Fwp%2Fv2%2Fmedia&parent=11187"}],"wp:term":[{"taxonomy":"product_brand","embeddable":true,"href":"https:\/\/www.bynaldis-shop.com\/index.php?rest_route=%2Fwp%2Fv2%2Fproduct_brand&post=11187"},{"taxonomy":"product_cat","embeddable":true,"href":"https:\/\/www.bynaldis-shop.com\/index.php?rest_route=%2Fwp%2Fv2%2Fproduct_cat&post=11187"},{"taxonomy":"product_tag","embeddable":true,"href":"https:\/\/www.bynaldis-shop.com\/index.php?rest_route=%2Fwp%2Fv2%2Fproduct_tag&post=11187"}],"curies":[{"name":"wp","href":"https:\/\/api.w.org\/{rel}","templated":true}]}}