{"id":11173,"date":"2026-04-26T14:44:31","date_gmt":"2026-04-26T12:44:31","guid":{"rendered":"https:\/\/www.bynaldis-shop.com\/?post_type=product&#038;p=11173"},"modified":"2026-05-05T11:08:21","modified_gmt":"2026-05-05T09:08:21","slug":"willow-tree-die-liebe-zu-meiner-mutter","status":"publish","type":"product","link":"https:\/\/www.bynaldis-shop.com\/?product=willow-tree-die-liebe-zu-meiner-mutter","title":{"rendered":"Willow Tree &#8211; Die Liebe zu meiner Mutter"},"content":{"rendered":"<div>Willow Tree ist eine intime Reihe figurativer Skulpturen, die Gef\u00fchle von Liebe, N\u00e4he, Heilung, Mut, Hoffnung &#8230; all die Emotionen, denen wir im Leben begegnen, repr\u00e4sentieren. Diese ikonische Figur von Frieden und Gelassenheit ist eine greifbare Erinnerung an Heilung, Trost, Hoffnung und Erinnerung in Zeiten der Trauer. &#8218;W\u00e4hrend ich dieses St\u00fcck modellierte, dachte ich daran, f\u00fcr meine Mutter da zu sein, wo sie mich braucht. Wann immer ich meiner Mutter f\u00fcr alles danke, was sie f\u00fcr mich getan hat, l\u00e4chelt sie immer und sagt: &#8222;Du tust dasselbe f\u00fcr deine.&#8220; &#8211; Susan Lordi. Wundersch\u00f6n f\u00fcr Mutter, Stiefmutter oder die so wichtige Dame im Leben&#8230; Das St\u00fcck ist aus gegossenem Stein gefertigt und mit bleifreier Farbe handbemalt. Geliefert in einer gebrandeten Geschenkbox und einem Geschenkanh\u00e4nger mit der Aufschrift: &#8218;Ich bin f\u00fcr dich da, wie du es immer f\u00fcr mich warst.&#8216; Kein Spielzeug oder Kinderprodukt. Nur f\u00fcr Erwachsene gedacht.<\/div>\n<div><\/div>\n<div>Gussstein, handbemalt, Geschenkbox inklusive Geschenkanh\u00e4nger mit Spruch<\/div>\n","protected":false},"excerpt":{"rendered":"<p>Willow Tree ist eine intime Reihe figurativer Skulpturen, die Gef\u00fchle von Liebe, N\u00e4he, Heilung, Mut, Hoffnung &#8230; all die Emotionen, denen wir im Leben begegnen, repr\u00e4sentieren. Diese ikonische Figur von Frieden und Gelassenheit ist eine greifbare Erinnerung an Heilung, Trost, Hoffnung und Erinnerung in Zeiten der Trauer. &#8218;W\u00e4hrend ich dieses St\u00fcck modellierte, dachte ich daran, [&hellip;]<\/p>\n<p><a class=\"read-more\" href=\"https:\/\/www.bynaldis-shop.com\/?product=willow-tree-die-liebe-zu-meiner-mutter\">Mehr lesen<span class=\"meta-nav\">&rarr;<\/span><\/a><\/p>\n","protected":false},"featured_media":11174,"template":"","meta":[],"product_brand":[],"product_cat":[253,174],"product_tag":[],"class_list":{"0":"post-11173","1":"product","2":"type-product","3":"status-publish","4":"has-post-thumbnail","6":"product_cat-neu","7":"product_cat-willow-tree","9":"first","10":"instock","11":"taxable","12":"shipping-taxable","13":"purchasable","14":"product-type-simple"},"_links":{"self":[{"href":"https:\/\/www.bynaldis-shop.com\/index.php?rest_route=\/wp\/v2\/product\/11173","targetHints":{"allow":["GET"]}}],"collection":[{"href":"https:\/\/www.bynaldis-shop.com\/index.php?rest_route=\/wp\/v2\/product"}],"about":[{"href":"https:\/\/www.bynaldis-shop.com\/index.php?rest_route=\/wp\/v2\/types\/product"}],"wp:featuredmedia":[{"embeddable":true,"href":"https:\/\/www.bynaldis-shop.com\/index.php?rest_route=\/wp\/v2\/media\/11174"}],"wp:attachment":[{"href":"https:\/\/www.bynaldis-shop.com\/index.php?rest_route=%2Fwp%2Fv2%2Fmedia&parent=11173"}],"wp:term":[{"taxonomy":"product_brand","embeddable":true,"href":"https:\/\/www.bynaldis-shop.com\/index.php?rest_route=%2Fwp%2Fv2%2Fproduct_brand&post=11173"},{"taxonomy":"product_cat","embeddable":true,"href":"https:\/\/www.bynaldis-shop.com\/index.php?rest_route=%2Fwp%2Fv2%2Fproduct_cat&post=11173"},{"taxonomy":"product_tag","embeddable":true,"href":"https:\/\/www.bynaldis-shop.com\/index.php?rest_route=%2Fwp%2Fv2%2Fproduct_tag&post=11173"}],"curies":[{"name":"wp","href":"https:\/\/api.w.org\/{rel}","templated":true}]}}