{"id":11081,"date":"2026-03-26T10:20:18","date_gmt":"2026-03-26T09:20:18","guid":{"rendered":"https:\/\/www.bynaldis-shop.com\/?post_type=product&#038;p=11081"},"modified":"2026-04-12T13:11:17","modified_gmt":"2026-04-12T11:11:17","slug":"yogi-tea-abend","status":"publish","type":"product","link":"https:\/\/www.bynaldis-shop.com\/?product=yogi-tea-abend","title":{"rendered":"Yogi Tea\u00ae &#8211; Abend"},"content":{"rendered":"<ul class=\"product-detail-usps\">\n<li>Tolle Mischung aus s\u00fc\u00dfen, duftenden Kr\u00e4utern<\/li>\n<li>Prima zum Tagesausklang<\/li>\n<li>Perfekt zum Entspannen<\/li>\n<\/ul>\n<p>Die Faszination, die von den traditionellen Lebensweisen wie dem Ayurveda ausgeht, liegt in ihrer Ganzheitlichkeit. Tiefer Schlaf und ungest\u00f6rte Ruhe sind wesentlich f\u00fcr ein ausgeglichenes Leben. Bekommen wir nicht die uns angemessene Ruhe, so leidet unser Leben darunter. Wenn wir uns\u00a0<strong>auf nat\u00fcrliche Weise entspannen<\/strong>\u00a0k\u00f6nnen, ben\u00f6tigen wir weniger Schlaf und haben gleichzeitig mehr Energie. Der Abend Tee von YOGI TEA\u00ae begleitet uns mit seiner ausgew\u00e4hlten Mischung aus\u00a0<strong>s\u00fc\u00dfen und duftenden Kr\u00e4utern wie Pfefferminze, Fenchel und Lavendel<\/strong>\u00a0in die Abendstunden. Wir entspannen beim Genuss einer Tasse Tee zum Tagesausklang. Subtile Kr\u00e4uterkr\u00e4fte helfen auch den Gedanken, zur Ruhe zu kommen. Wenn aber unsere Gedanken zur Ruhe kommen, wird unser K\u00f6rper gerne folgen.<\/p>\n<p>Kaum eine Marke hat die Tradition des\u00a0<strong>ayurvedischen Lebensstils<\/strong>\u00a0so sehr mit ihren Produkten verkn\u00fcpft wie YOGI TEA\u00ae. Sie kombinieren ganz bewusst nachhaltig angebaute Kr\u00e4uter, Fr\u00fcchte und (Tee-)Bl\u00e4tter zu Tee, der die Seele und den K\u00f6rper wieder in Balance bringen soll. Die perfekte Qualit\u00e4t der Inhaltsstoffe und des Produktes steht immer an oberster Stelle. Dazu achten sie auf sorgf\u00e4ltig ausgew\u00e4hlte Lieferanten, einen m\u00f6glichst geringen \u00f6kologischen Fu\u00dfabdruck sowie regelm\u00e4\u00dfige, strenge Tests. Entdecken Sie\u00a0<strong>Ihre Lieblingssorten<\/strong>\u00a0in unserem YOGI-TEA\u00ae-Sortiment: Von\u00a0<strong>Fr\u00fcchte- und Kr\u00e4utertee<\/strong>-Kompositionen. Und sollte deine Lieblingssorte einmal nicht dabei sein, dann schreib uns gern und wir bestellen Sie f\u00fcr Dich.<\/p>\n<p><strong>Zubereitung:<\/strong>\u00a0\u00dcbergie\u00dfen Sie den Teebeutel mit 300 ml kochendem Wasser und lassen ihn f\u00fcr etwa 4 &#8211; 6 Minuten ziehen (l\u00e4nger f\u00fcr einen st\u00e4rkeren Geschmack).<\/p>\n","protected":false},"excerpt":{"rendered":"<p>Tolle Mischung aus s\u00fc\u00dfen, duftenden Kr\u00e4utern Prima zum Tagesausklang Perfekt zum Entspannen Die Faszination, die von den traditionellen Lebensweisen wie dem Ayurveda ausgeht, liegt in ihrer Ganzheitlichkeit. Tiefer Schlaf und ungest\u00f6rte Ruhe sind wesentlich f\u00fcr ein ausgeglichenes Leben. Bekommen wir nicht die uns angemessene Ruhe, so leidet unser Leben darunter. Wenn wir uns\u00a0auf nat\u00fcrliche Weise [&hellip;]<\/p>\n<p><a class=\"read-more\" href=\"https:\/\/www.bynaldis-shop.com\/?product=yogi-tea-abend\">Mehr lesen<span class=\"meta-nav\">&rarr;<\/span><\/a><\/p>\n","protected":false},"featured_media":11082,"template":"","meta":[],"product_brand":[],"product_cat":[253,367],"product_tag":[],"class_list":{"0":"post-11081","1":"product","2":"type-product","3":"status-publish","4":"has-post-thumbnail","6":"product_cat-neu","7":"product_cat-yogi-tea","9":"first","10":"instock","11":"taxable","12":"shipping-taxable","13":"purchasable","14":"product-type-simple"},"_links":{"self":[{"href":"https:\/\/www.bynaldis-shop.com\/index.php?rest_route=\/wp\/v2\/product\/11081","targetHints":{"allow":["GET"]}}],"collection":[{"href":"https:\/\/www.bynaldis-shop.com\/index.php?rest_route=\/wp\/v2\/product"}],"about":[{"href":"https:\/\/www.bynaldis-shop.com\/index.php?rest_route=\/wp\/v2\/types\/product"}],"wp:featuredmedia":[{"embeddable":true,"href":"https:\/\/www.bynaldis-shop.com\/index.php?rest_route=\/wp\/v2\/media\/11082"}],"wp:attachment":[{"href":"https:\/\/www.bynaldis-shop.com\/index.php?rest_route=%2Fwp%2Fv2%2Fmedia&parent=11081"}],"wp:term":[{"taxonomy":"product_brand","embeddable":true,"href":"https:\/\/www.bynaldis-shop.com\/index.php?rest_route=%2Fwp%2Fv2%2Fproduct_brand&post=11081"},{"taxonomy":"product_cat","embeddable":true,"href":"https:\/\/www.bynaldis-shop.com\/index.php?rest_route=%2Fwp%2Fv2%2Fproduct_cat&post=11081"},{"taxonomy":"product_tag","embeddable":true,"href":"https:\/\/www.bynaldis-shop.com\/index.php?rest_route=%2Fwp%2Fv2%2Fproduct_tag&post=11081"}],"curies":[{"name":"wp","href":"https:\/\/api.w.org\/{rel}","templated":true}]}}