{"id":11071,"date":"2026-03-25T15:01:53","date_gmt":"2026-03-25T14:01:53","guid":{"rendered":"https:\/\/www.bynaldis-shop.com\/?post_type=product&#038;p=11071"},"modified":"2026-03-26T18:58:18","modified_gmt":"2026-03-26T17:58:18","slug":"zettelbox-robbenliebe","status":"publish","type":"product","link":"https:\/\/www.bynaldis-shop.com\/?product=zettelbox-robbenliebe","title":{"rendered":"Zettelbox &#8222;Robbenliebe&#8220;"},"content":{"rendered":"<div class=\"product--description--katbeschreibung\">\n<p>Die Zettelboxen sind mit 150 farbig bedruckten Notizzetteln gef\u00fcllt. Der plakative Aufstelldeckel ist mit unterschiedlichen sch\u00f6nen Motiven bedruckt. Die Zettelboxen sind matt laminiert. Einige haben eine goldene oder silberne Hei\u00dffolienveredelung.<\/p>\n<\/div>\n<div class=\"product--description--katcms\">\n<p><span data-mce-mark=\"1\">Die matt laminierten Zettelboxen sind mit 150 farbig bedruckten Notizzetteln gef\u00fcllt.\u00a0<\/span>Der plakative Aufstelldeckel ist mit unterschiedlichen farbenfrohen Motiven bedruckt.<\/p>\n<\/div>\n","protected":false},"excerpt":{"rendered":"<p>Die Zettelboxen sind mit 150 farbig bedruckten Notizzetteln gef\u00fcllt. Der plakative Aufstelldeckel ist mit unterschiedlichen sch\u00f6nen Motiven bedruckt. Die Zettelboxen sind matt laminiert. Einige haben eine goldene oder silberne Hei\u00dffolienveredelung. Die matt laminierten Zettelboxen sind mit 150 farbig bedruckten Notizzetteln gef\u00fcllt.\u00a0Der plakative Aufstelldeckel ist mit unterschiedlichen farbenfrohen Motiven bedruckt.<\/p>\n<p><a class=\"read-more\" href=\"https:\/\/www.bynaldis-shop.com\/?product=zettelbox-robbenliebe\">Mehr lesen<span class=\"meta-nav\">&rarr;<\/span><\/a><\/p>\n","protected":false},"featured_media":11072,"template":"","meta":[],"product_brand":[],"product_cat":[253,365],"product_tag":[],"class_list":{"0":"post-11071","1":"product","2":"type-product","3":"status-publish","4":"has-post-thumbnail","6":"product_cat-neu","7":"product_cat-zettelbox","9":"first","10":"instock","11":"taxable","12":"shipping-taxable","13":"purchasable","14":"product-type-simple"},"_links":{"self":[{"href":"https:\/\/www.bynaldis-shop.com\/index.php?rest_route=\/wp\/v2\/product\/11071","targetHints":{"allow":["GET"]}}],"collection":[{"href":"https:\/\/www.bynaldis-shop.com\/index.php?rest_route=\/wp\/v2\/product"}],"about":[{"href":"https:\/\/www.bynaldis-shop.com\/index.php?rest_route=\/wp\/v2\/types\/product"}],"wp:featuredmedia":[{"embeddable":true,"href":"https:\/\/www.bynaldis-shop.com\/index.php?rest_route=\/wp\/v2\/media\/11072"}],"wp:attachment":[{"href":"https:\/\/www.bynaldis-shop.com\/index.php?rest_route=%2Fwp%2Fv2%2Fmedia&parent=11071"}],"wp:term":[{"taxonomy":"product_brand","embeddable":true,"href":"https:\/\/www.bynaldis-shop.com\/index.php?rest_route=%2Fwp%2Fv2%2Fproduct_brand&post=11071"},{"taxonomy":"product_cat","embeddable":true,"href":"https:\/\/www.bynaldis-shop.com\/index.php?rest_route=%2Fwp%2Fv2%2Fproduct_cat&post=11071"},{"taxonomy":"product_tag","embeddable":true,"href":"https:\/\/www.bynaldis-shop.com\/index.php?rest_route=%2Fwp%2Fv2%2Fproduct_tag&post=11071"}],"curies":[{"name":"wp","href":"https:\/\/api.w.org\/{rel}","templated":true}]}}