{"id":10926,"date":"2026-02-05T16:40:59","date_gmt":"2026-02-05T15:40:59","guid":{"rendered":"https:\/\/www.bynaldis-shop.com\/?post_type=product&#038;p=10926"},"modified":"2026-05-06T10:57:38","modified_gmt":"2026-05-06T08:57:38","slug":"weihnachtsbeutel-milli-1","status":"publish","type":"product","link":"https:\/\/www.bynaldis-shop.com\/?product=weihnachtsbeutel-milli-1","title":{"rendered":"Weihnachtsbeutel Milli 1"},"content":{"rendered":"<p>Runder Beutel aus Polyester mit bedrucktem, mehrfarbigem Motiv in Gr\u00fcn, Grau und Rot. Mit einer H\u00f6he von 17 cm und einer Breite von 14 cm bietet der Beutel ein Fassungsverm\u00f6gen von 119 ml. Die Schlaufe dient als Tragegriff. Der Artikel ist f\u00fcr den Kontakt mit Lebensmitteln geeignet und gezielt auf den Verwendungsanlass Weihnachten ausgelegt.<\/p>\n","protected":false},"excerpt":{"rendered":"<p>Runder Beutel aus Polyester mit bedrucktem, mehrfarbigem Motiv in Gr\u00fcn, Grau und Rot. Mit einer H\u00f6he von 17 cm und einer Breite von 14 cm bietet der Beutel ein Fassungsverm\u00f6gen von 119 ml. Die Schlaufe dient als Tragegriff. Der Artikel ist f\u00fcr den Kontakt mit Lebensmitteln geeignet und gezielt auf den Verwendungsanlass Weihnachten ausgelegt.<\/p>\n<p><a class=\"read-more\" href=\"https:\/\/www.bynaldis-shop.com\/?product=weihnachtsbeutel-milli-1\">Mehr lesen<span class=\"meta-nav\">&rarr;<\/span><\/a><\/p>\n","protected":false},"featured_media":10927,"template":"","meta":[],"product_brand":[],"product_cat":[268],"product_tag":[],"class_list":{"0":"post-10926","1":"product","2":"type-product","3":"status-publish","4":"has-post-thumbnail","6":"product_cat-demnaechst-lieferbar","8":"first","9":"instock","10":"taxable","11":"shipping-taxable","12":"purchasable","13":"product-type-simple"},"_links":{"self":[{"href":"https:\/\/www.bynaldis-shop.com\/index.php?rest_route=\/wp\/v2\/product\/10926","targetHints":{"allow":["GET"]}}],"collection":[{"href":"https:\/\/www.bynaldis-shop.com\/index.php?rest_route=\/wp\/v2\/product"}],"about":[{"href":"https:\/\/www.bynaldis-shop.com\/index.php?rest_route=\/wp\/v2\/types\/product"}],"wp:featuredmedia":[{"embeddable":true,"href":"https:\/\/www.bynaldis-shop.com\/index.php?rest_route=\/wp\/v2\/media\/10927"}],"wp:attachment":[{"href":"https:\/\/www.bynaldis-shop.com\/index.php?rest_route=%2Fwp%2Fv2%2Fmedia&parent=10926"}],"wp:term":[{"taxonomy":"product_brand","embeddable":true,"href":"https:\/\/www.bynaldis-shop.com\/index.php?rest_route=%2Fwp%2Fv2%2Fproduct_brand&post=10926"},{"taxonomy":"product_cat","embeddable":true,"href":"https:\/\/www.bynaldis-shop.com\/index.php?rest_route=%2Fwp%2Fv2%2Fproduct_cat&post=10926"},{"taxonomy":"product_tag","embeddable":true,"href":"https:\/\/www.bynaldis-shop.com\/index.php?rest_route=%2Fwp%2Fv2%2Fproduct_tag&post=10926"}],"curies":[{"name":"wp","href":"https:\/\/api.w.org\/{rel}","templated":true}]}}