{"id":10906,"date":"2026-02-05T16:13:03","date_gmt":"2026-02-05T15:13:03","guid":{"rendered":"https:\/\/www.bynaldis-shop.com\/?post_type=product&#038;p=10906"},"modified":"2026-05-06T11:04:40","modified_gmt":"2026-05-06T09:04:40","slug":"brillenetui-oma","status":"publish","type":"product","link":"https:\/\/www.bynaldis-shop.com\/?product=brillenetui-oma","title":{"rendered":"Brillenetui Oma"},"content":{"rendered":"<p>Das Brillenetui Familie besteht aus hochwertigem Polyester und zeichnet sich durch eine runde Form aus. Die handgearbeitete Verarbeitung und das bedruckte Design mit Spruch\/Text in den Farben Beige und Grau unterstreichen die Material- und Verarbeitungsqualit\u00e4t. Mit einer L\u00e4nge von 9, 00 cm und einer Breite von 0, 60 cm eignet sich das Etui als Erg\u00e4nzung f\u00fcr ein vielf\u00e4ltiges Sortiment an hochwertigen Accessoires.<\/p>\n<p>Handgearbeitet<\/p>\n","protected":false},"excerpt":{"rendered":"<p>Das Brillenetui Familie besteht aus hochwertigem Polyester und zeichnet sich durch eine runde Form aus. Die handgearbeitete Verarbeitung und das bedruckte Design mit Spruch\/Text in den Farben Beige und Grau unterstreichen die Material- und Verarbeitungsqualit\u00e4t. Mit einer L\u00e4nge von 9, 00 cm und einer Breite von 0, 60 cm eignet sich das Etui als Erg\u00e4nzung [&hellip;]<\/p>\n<p><a class=\"read-more\" href=\"https:\/\/www.bynaldis-shop.com\/?product=brillenetui-oma\">Mehr lesen<span class=\"meta-nav\">&rarr;<\/span><\/a><\/p>\n","protected":false},"featured_media":10907,"template":"","meta":[],"product_brand":[],"product_cat":[268],"product_tag":[],"class_list":{"0":"post-10906","1":"product","2":"type-product","3":"status-publish","4":"has-post-thumbnail","6":"product_cat-demnaechst-lieferbar","8":"first","9":"instock","10":"taxable","11":"shipping-taxable","12":"purchasable","13":"product-type-simple"},"_links":{"self":[{"href":"https:\/\/www.bynaldis-shop.com\/index.php?rest_route=\/wp\/v2\/product\/10906","targetHints":{"allow":["GET"]}}],"collection":[{"href":"https:\/\/www.bynaldis-shop.com\/index.php?rest_route=\/wp\/v2\/product"}],"about":[{"href":"https:\/\/www.bynaldis-shop.com\/index.php?rest_route=\/wp\/v2\/types\/product"}],"wp:featuredmedia":[{"embeddable":true,"href":"https:\/\/www.bynaldis-shop.com\/index.php?rest_route=\/wp\/v2\/media\/10907"}],"wp:attachment":[{"href":"https:\/\/www.bynaldis-shop.com\/index.php?rest_route=%2Fwp%2Fv2%2Fmedia&parent=10906"}],"wp:term":[{"taxonomy":"product_brand","embeddable":true,"href":"https:\/\/www.bynaldis-shop.com\/index.php?rest_route=%2Fwp%2Fv2%2Fproduct_brand&post=10906"},{"taxonomy":"product_cat","embeddable":true,"href":"https:\/\/www.bynaldis-shop.com\/index.php?rest_route=%2Fwp%2Fv2%2Fproduct_cat&post=10906"},{"taxonomy":"product_tag","embeddable":true,"href":"https:\/\/www.bynaldis-shop.com\/index.php?rest_route=%2Fwp%2Fv2%2Fproduct_tag&post=10906"}],"curies":[{"name":"wp","href":"https:\/\/api.w.org\/{rel}","templated":true}]}}