{"id":10829,"date":"2026-01-13T09:19:41","date_gmt":"2026-01-13T08:19:41","guid":{"rendered":"https:\/\/www.bynaldis-shop.com\/?post_type=product&#038;p=10829"},"modified":"2026-05-06T11:07:02","modified_gmt":"2026-05-06T09:07:02","slug":"abo-soul-sisters-brothers","status":"publish","type":"product","link":"https:\/\/www.bynaldis-shop.com\/?product=abo-soul-sisters-brothers","title":{"rendered":"Abo Soul Sister`s &#038; Brother`s"},"content":{"rendered":"<p>Das erwartet dich in deiner Mitgliedschaft:<\/p>\n<p>\u2665 Monats- &amp; Jahresvorschauen (online)<br \/>\nDu erh\u00e4ltst regelm\u00e4\u00dfig eine feinf\u00fchlige Monats- und Jahresvorschau, die dich energetisch durch die Zeit begleitet und dich mit allen Zahlen, Daten und Fakten des jeweilen Montas\/Jahres auf den neusten Stand bringt und dich gut planen und orientieren l\u00e4sst, sodass du klare Entscheidungen f\u00fcr dich treffen kannst. In diesen Online Raum hast du auch die M\u00f6glichkeit, pers\u00f6nliche Fragen zu stellen und individuelle Impulse zu empfangen.<\/p>\n<p>\u2665 Gef\u00fchrte Seelenmeditationen<br \/>\nAlle drei Monate erwartet dich eine tiefgehende, live gef\u00fchrte Meditation von mehr als einer Stunde. Ein Raum f\u00fcr Heilung, Erinnerung, Loslassen und Neuausrichtung auf Herz- und Seelenebene. Ein Raum des Wachstums und Sich-Einlassen. Ein Raum des Friedens und der Freude, sodass du immer mehr in deinem Alltag sanft und leicht ankommen kannst, umso deine Seele wahrhaftig zu sp\u00fcren und Eins zu werden.<\/p>\n<p>\u2665\u00a0Seelentexte, Lieder &amp; Inspirationen<br \/>\nRegelm\u00e4\u00dfig schreibe ich Texte, teile Lieder und seelische Erinnerungen, die dich r\u00fctteln, n\u00e4hren und st\u00e4rken. Sanfte Begleiter f\u00fcr deinen Alltag und dein inneres Wachstum. Heilung f\u00fcr Dich als Mann oder Frau in deiner Familie und auch auf deinem beruflichen Weg.<\/p>\n<p>\u2665\u00a0Exklusive Sonderangebote nur f\u00fcr die Gruppe<br \/>\nAls Mitglied erh\u00e4ltst du Angebote, die es ausschlie\u00dflich in diesem Abo-Seelenraum gibt. Dazu geh\u00f6ren z. B.: besondere Channelings, wie z. B. Geld-Channeling, die bewusst nicht \u00f6ffentlich angeboten werden, sondern nur in diesem Produktbereich des Abos. Weiterhin gibt es besondere und kurzfristige, spontane Package-Angebote als Geschenk f\u00fcr dein Vertrauen und deine Bereitschaft dich weiterzuentwickeln. Ein Belohnung f\u00fcr das wahrhaftige sich Einlassen auf deinen Seelenplan.<\/p>\n<p>\u2665\u00a0Rabatte, Schnupper- &amp; Herzensangebote<br \/>\nZwischendurch erwarten dich immer wieder besondere Verg\u00fcnstigungen, z. B.: verg\u00fcnstigte Verl\u00e4ngerungsmonate, z. B. ein zus\u00e4tzlicher Monat f\u00fcr 10 \u20ac. Auch hier gilt: nichts muss, alles darf. Du entscheidest, was sich f\u00fcr dich stimmig anf\u00fchlt.<\/p>\n<p>\u2665\u00a0Achtsame Begleitung &amp; transparente Verl\u00e4ngerung<br \/>\nDeine Mitgliedschaft verl\u00e4ngert sich nicht automatisch. Bevor deine 3 Monate oder dein Jahr endet, melden wir uns pers\u00f6nlich bei dir und fragen, ob du verl\u00e4ngern m\u00f6chtest oder nicht. Ohne Druck. Ohne Verpflichtung. In deinem Tempo.<\/p>\n<p>\u2665 Pers\u00f6nliche Orakel- &amp; Kartenbotschaften<br \/>\nImmer wieder biete ich in der Gruppe individuelle Karten- und Orakelbotschaften an. Du kannst mir schreiben, eine Frage stellen oder eine Situation schildern und ich ziehe ganz pers\u00f6nlich f\u00fcr dich eine Karte. Dabei verbinde ich mich auf Wunsch mit deiner Mama oder deinem Papa, deinem Schutzengel oder deiner Seele, die sich gerade zeigen m\u00f6chte. Du erh\u00e4ltst deine Botschaft individuell und achtsam, als pers\u00f6nliche Sprachnachricht, genau auf dein Energiefeld und dein Thema abgestimmt. Diese Begleitung ist kostenfrei und ein Geschenk aus dem Herzen heraus und aus der Dankbarkeit, dass du dich auf deinen Seelenweg begibst.<\/p>\n","protected":false},"excerpt":{"rendered":"<p>Das erwartet dich in deiner Mitgliedschaft: \u2665 Monats- &amp; Jahresvorschauen (online) Du erh\u00e4ltst regelm\u00e4\u00dfig eine feinf\u00fchlige Monats- und Jahresvorschau, die dich energetisch durch die Zeit begleitet und dich mit allen Zahlen, Daten und Fakten des jeweilen Montas\/Jahres auf den neusten Stand bringt und dich gut planen und orientieren l\u00e4sst, sodass du klare Entscheidungen f\u00fcr dich [&hellip;]<\/p>\n<p><a class=\"read-more\" href=\"https:\/\/www.bynaldis-shop.com\/?product=abo-soul-sisters-brothers\">Mehr lesen<span class=\"meta-nav\">&rarr;<\/span><\/a><\/p>\n","protected":false},"featured_media":10830,"template":"","meta":[],"product_brand":[],"product_cat":[305],"product_tag":[],"class_list":{"0":"post-10829","1":"product","2":"type-product","3":"status-publish","4":"has-post-thumbnail","6":"product_cat-seminare","8":"first","9":"instock","10":"taxable","11":"shipping-taxable","12":"purchasable","13":"product-type-simple"},"_links":{"self":[{"href":"https:\/\/www.bynaldis-shop.com\/index.php?rest_route=\/wp\/v2\/product\/10829","targetHints":{"allow":["GET"]}}],"collection":[{"href":"https:\/\/www.bynaldis-shop.com\/index.php?rest_route=\/wp\/v2\/product"}],"about":[{"href":"https:\/\/www.bynaldis-shop.com\/index.php?rest_route=\/wp\/v2\/types\/product"}],"wp:featuredmedia":[{"embeddable":true,"href":"https:\/\/www.bynaldis-shop.com\/index.php?rest_route=\/wp\/v2\/media\/10830"}],"wp:attachment":[{"href":"https:\/\/www.bynaldis-shop.com\/index.php?rest_route=%2Fwp%2Fv2%2Fmedia&parent=10829"}],"wp:term":[{"taxonomy":"product_brand","embeddable":true,"href":"https:\/\/www.bynaldis-shop.com\/index.php?rest_route=%2Fwp%2Fv2%2Fproduct_brand&post=10829"},{"taxonomy":"product_cat","embeddable":true,"href":"https:\/\/www.bynaldis-shop.com\/index.php?rest_route=%2Fwp%2Fv2%2Fproduct_cat&post=10829"},{"taxonomy":"product_tag","embeddable":true,"href":"https:\/\/www.bynaldis-shop.com\/index.php?rest_route=%2Fwp%2Fv2%2Fproduct_tag&post=10829"}],"curies":[{"name":"wp","href":"https:\/\/api.w.org\/{rel}","templated":true}]}}