{"id":10671,"date":"2025-10-28T10:06:47","date_gmt":"2025-10-28T09:06:47","guid":{"rendered":"https:\/\/www.bynaldis-shop.com\/?post_type=product&#038;p=10671"},"modified":"2026-05-05T13:42:51","modified_gmt":"2026-05-05T11:42:51","slug":"postkartenbuch-giesbert","status":"publish","type":"product","link":"https:\/\/www.bynaldis-shop.com\/?product=postkartenbuch-giesbert","title":{"rendered":"Postkartenbuch &#8222;Giesbert&#8220;"},"content":{"rendered":"<p>Tauche ein in die liebevoll illustrierte Welt von Giesbert, dem kleinen Regenrinnen Wicht, der mit offenen Augen, freundlichem Herzen und einem Schirm voller Neugier durch die Natur wandert.<br \/>\nMit diesem besonderen Postkartenbuch halten Sie ein St\u00fcck Poesie in den H\u00e4nden: 15 der sch\u00f6nsten Giesbert Motive von Daniela Drescher, sorgf\u00e4ltig ausgew\u00e4hlt und mit gro\u00dfer Zuneigung zusammengestellt.<\/p>\n<p>Jede Karte erz\u00e4hlt ihre eigene kleine Geschichte,\u00a0 von Regentropfen, die im Moos glitzern, vom Duft der Blumen nach einem Sommerregen, und von Freundschaften, die zwischen Libellen, Fr\u00f6schen und Wind entstehen.<br \/>\nOb Sie die Karten verschicken, verschenken oder selbst aufbewahren. Jede Karte bringt ein L\u00e4cheln, ein St\u00fcck Natur und ganz viel Herz in den Alltag.<\/p>\n<p>Daniela Drescher schafft es wie kaum jemand sonst, mit feinen Pinseln und sanften Farben eine Welt zu malen, in der man zur Ruhe kommt. Ihre Bilder sind Einladungen, die Welt mit Kinderaugen zu sehen: staunend, liebevoll und achtsam.<\/p>\n<p>Das Giesbert Postkartenbuch ist ein wundersch\u00f6nes Geschenk f\u00fcr kleine und gro\u00dfe Fans des Regenrinnen Wichts, f\u00fcr Sammler, Naturfreunde oder einfach f\u00fcr Menschen, die Sch\u00f6nes lieben.<\/p>\n<p>Und das Beste:<br \/>\nIn unserem Shop finden Sie noch viele weitere Postkartenb\u00fccher von Daniela Drescher \u2013 mit zauberhaften Motiven aus ihren beliebten Bilderb\u00fcchern, feenhaft, naturverbunden und voller W\u00e4rme.<br \/>\nWer einmal mit Giesbert, Elli, Merlind &amp; Co. auf Reisen gegangen ist, wird diese kleinen Kunstwerke immer wieder aufs Neue ins Herz schlie\u00dfen.<\/p>\n<p>Ein Herzensgru\u00df, der bleibt. In jeder Karte, in jedem Pinselstrich, in jedem L\u00e4cheln.<\/p>\n","protected":false},"excerpt":{"rendered":"<p>Tauche ein in die liebevoll illustrierte Welt von Giesbert, dem kleinen Regenrinnen Wicht, der mit offenen Augen, freundlichem Herzen und einem Schirm voller Neugier durch die Natur wandert. Mit diesem besonderen Postkartenbuch halten Sie ein St\u00fcck Poesie in den H\u00e4nden: 15 der sch\u00f6nsten Giesbert Motive von Daniela Drescher, sorgf\u00e4ltig ausgew\u00e4hlt und mit gro\u00dfer Zuneigung zusammengestellt. [&hellip;]<\/p>\n<p><a class=\"read-more\" href=\"https:\/\/www.bynaldis-shop.com\/?product=postkartenbuch-giesbert\">Mehr lesen<span class=\"meta-nav\">&rarr;<\/span><\/a><\/p>\n","protected":false},"featured_media":10672,"template":"","meta":[],"product_brand":[],"product_cat":[288,341],"product_tag":[],"class_list":{"0":"post-10671","1":"product","2":"type-product","3":"status-publish","4":"has-post-thumbnail","6":"product_cat-alles-fuer-das-kinderherz","7":"product_cat-postkartenbuch","9":"first","10":"instock","11":"taxable","12":"shipping-taxable","13":"purchasable","14":"product-type-simple"},"_links":{"self":[{"href":"https:\/\/www.bynaldis-shop.com\/index.php?rest_route=\/wp\/v2\/product\/10671","targetHints":{"allow":["GET"]}}],"collection":[{"href":"https:\/\/www.bynaldis-shop.com\/index.php?rest_route=\/wp\/v2\/product"}],"about":[{"href":"https:\/\/www.bynaldis-shop.com\/index.php?rest_route=\/wp\/v2\/types\/product"}],"wp:featuredmedia":[{"embeddable":true,"href":"https:\/\/www.bynaldis-shop.com\/index.php?rest_route=\/wp\/v2\/media\/10672"}],"wp:attachment":[{"href":"https:\/\/www.bynaldis-shop.com\/index.php?rest_route=%2Fwp%2Fv2%2Fmedia&parent=10671"}],"wp:term":[{"taxonomy":"product_brand","embeddable":true,"href":"https:\/\/www.bynaldis-shop.com\/index.php?rest_route=%2Fwp%2Fv2%2Fproduct_brand&post=10671"},{"taxonomy":"product_cat","embeddable":true,"href":"https:\/\/www.bynaldis-shop.com\/index.php?rest_route=%2Fwp%2Fv2%2Fproduct_cat&post=10671"},{"taxonomy":"product_tag","embeddable":true,"href":"https:\/\/www.bynaldis-shop.com\/index.php?rest_route=%2Fwp%2Fv2%2Fproduct_tag&post=10671"}],"curies":[{"name":"wp","href":"https:\/\/api.w.org\/{rel}","templated":true}]}}