{"id":10636,"date":"2025-10-21T16:16:49","date_gmt":"2025-10-21T14:16:49","guid":{"rendered":"https:\/\/www.bynaldis-shop.com\/?post_type=product&#038;p=10636"},"modified":"2025-12-28T12:09:35","modified_gmt":"2025-12-28T11:09:35","slug":"raeucherstaebchen-royal-oud","status":"publish","type":"product","link":"https:\/\/www.bynaldis-shop.com\/?product=raeucherstaebchen-royal-oud","title":{"rendered":"R\u00e4ucherst\u00e4bchen Royal Oud"},"content":{"rendered":"<h3 data-start=\"136\" data-end=\"181\">Oud \u2013 das Harz des Lichts und der Seele<\/h3>\n<p data-start=\"183\" data-end=\"656\">Oud ist ein seltenes, kostbares Harz, das aus dem Holz der Aquilariab\u00e4ume, auch Adlerholz genannt, gewonnen wird. Seine Entstehung ist etwas ganz Besonderes: Erst wenn der Baum verletzt oder von einem Pilz befallen wird, beginnt er, dieses wundervoll duftende Harz zu bilden \u2013 als sanfte Abwehrreaktion und als Zeichen seiner inneren St\u00e4rke.<br data-start=\"524\" data-end=\"527\" \/>So entsteht aus Schmerz ein Duft von tiefer Sch\u00f6nheit, wie eine kosmische Kraft, die mit Liebe auf Herausforderungen antwortet.<\/p>\n<p data-start=\"658\" data-end=\"987\">Vielleicht gilt Oud gerade deshalb als einer der h\u00f6chst schwingenden D\u00fcfte der Welt. Sein warmer, tiefgr\u00fcndiger Duft kann uns in die Stille f\u00fchren, in Meditation begleiten und unser Bewusstsein sanft erweitern. Oud beruhigt, schenkt Vertrauen und \u00f6ffnet unser Herz, damit wir \u00c4ngste loslassen und neuen Lebensmut finden k\u00f6nnen.<\/p>\n<p data-start=\"989\" data-end=\"1108\">Oud ist wahrlich ein Geschenk aus h\u00f6heren Sph\u00e4ren, ein Duft, der K\u00f6rper, Geist und Seele in Harmonie schwingen l\u00e4sst.<\/p>\n<p data-start=\"1110\" data-end=\"1351\">In unserem Shop findest du dazu passende R\u00e4ucherst\u00e4bchenhalter, liebevoll gestaltet, sowie eine gro\u00dfe Auswahl an R\u00e4ucherst\u00e4bchen. Einzeln erh\u00e4ltlich oder in stimmungsvollen Sets zusammengestellt. Entdecke deine ganz pers\u00f6nliche Duftreise.<\/p>\n","protected":false},"excerpt":{"rendered":"<p>Oud \u2013 das Harz des Lichts und der Seele Oud ist ein seltenes, kostbares Harz, das aus dem Holz der Aquilariab\u00e4ume, auch Adlerholz genannt, gewonnen wird. Seine Entstehung ist etwas ganz Besonderes: Erst wenn der Baum verletzt oder von einem Pilz befallen wird, beginnt er, dieses wundervoll duftende Harz zu bilden \u2013 als sanfte Abwehrreaktion [&hellip;]<\/p>\n<p><a class=\"read-more\" href=\"https:\/\/www.bynaldis-shop.com\/?product=raeucherstaebchen-royal-oud\">Mehr lesen<span class=\"meta-nav\">&rarr;<\/span><\/a><\/p>\n","protected":false},"featured_media":10638,"template":"","meta":[],"product_brand":[],"product_cat":[250],"product_tag":[],"class_list":{"0":"post-10636","1":"product","2":"type-product","3":"status-publish","4":"has-post-thumbnail","6":"product_cat-packung","8":"first","9":"instock","10":"taxable","11":"shipping-taxable","12":"purchasable","13":"product-type-simple"},"_links":{"self":[{"href":"https:\/\/www.bynaldis-shop.com\/index.php?rest_route=\/wp\/v2\/product\/10636","targetHints":{"allow":["GET"]}}],"collection":[{"href":"https:\/\/www.bynaldis-shop.com\/index.php?rest_route=\/wp\/v2\/product"}],"about":[{"href":"https:\/\/www.bynaldis-shop.com\/index.php?rest_route=\/wp\/v2\/types\/product"}],"wp:featuredmedia":[{"embeddable":true,"href":"https:\/\/www.bynaldis-shop.com\/index.php?rest_route=\/wp\/v2\/media\/10638"}],"wp:attachment":[{"href":"https:\/\/www.bynaldis-shop.com\/index.php?rest_route=%2Fwp%2Fv2%2Fmedia&parent=10636"}],"wp:term":[{"taxonomy":"product_brand","embeddable":true,"href":"https:\/\/www.bynaldis-shop.com\/index.php?rest_route=%2Fwp%2Fv2%2Fproduct_brand&post=10636"},{"taxonomy":"product_cat","embeddable":true,"href":"https:\/\/www.bynaldis-shop.com\/index.php?rest_route=%2Fwp%2Fv2%2Fproduct_cat&post=10636"},{"taxonomy":"product_tag","embeddable":true,"href":"https:\/\/www.bynaldis-shop.com\/index.php?rest_route=%2Fwp%2Fv2%2Fproduct_tag&post=10636"}],"curies":[{"name":"wp","href":"https:\/\/api.w.org\/{rel}","templated":true}]}}