{"id":10484,"date":"2025-09-18T18:05:25","date_gmt":"2025-09-18T16:05:25","guid":{"rendered":"https:\/\/www.bynaldis-shop.com\/?post_type=product&#038;p=10484"},"modified":"2026-05-05T17:50:20","modified_gmt":"2026-05-05T15:50:20","slug":"pacific-blue","status":"publish","type":"product","link":"https:\/\/www.bynaldis-shop.com\/?product=pacific-blue","title":{"rendered":"Pacific Blue"},"content":{"rendered":"<p data-start=\"86\" data-end=\"289\">Pacific Blue ist ein Farbton voller Tiefe und stiller Kraft. Sein klarer, lebendiger Blauton erinnert an das schimmernde Blau des Ozeans, geheimnisvoll und unendlich, getragen von der Weite des Meeres.<\/p>\n<p data-start=\"291\" data-end=\"539\">Er wirkt k\u00fchl, edel und fast mystisch und verleiht R\u00e4umen eine ruhige, luxuri\u00f6se Atmosph\u00e4re. Pacific Blue strahlt Eleganz und Raffinesse aus, wie ein sanfter Hauch von Ozeanlicht, der R\u00e4ume mit Tiefe und einer beinahe \u00e4therischen Pr\u00e4senz erf\u00fcllt.<\/p>\n<p data-start=\"541\" data-end=\"711\">Mehr als nur eine Farbe, ist Pacific Blue ein Moment der Ruhe, ein leiser Gru\u00df des Meeres, der die Sinne belebt, die Seele ber\u00fchrt und R\u00e4ume in stille Sch\u00f6nheit taucht.<\/p>\n","protected":false},"excerpt":{"rendered":"<p>Pacific Blue ist ein Farbton voller Tiefe und stiller Kraft. Sein klarer, lebendiger Blauton erinnert an das schimmernde Blau des Ozeans, geheimnisvoll und unendlich, getragen von der Weite des Meeres. Er wirkt k\u00fchl, edel und fast mystisch und verleiht R\u00e4umen eine ruhige, luxuri\u00f6se Atmosph\u00e4re. Pacific Blue strahlt Eleganz und Raffinesse aus, wie ein sanfter Hauch [&hellip;]<\/p>\n<p><a class=\"read-more\" href=\"https:\/\/www.bynaldis-shop.com\/?product=pacific-blue\">Mehr lesen<span class=\"meta-nav\">&rarr;<\/span><\/a><\/p>\n","protected":false},"featured_media":10485,"template":"","meta":[],"product_brand":[],"product_cat":[300],"product_tag":[],"class_list":{"0":"post-10484","1":"product","2":"type-product","3":"status-publish","4":"has-post-thumbnail","6":"product_cat-farbtoene","8":"first","9":"instock","10":"taxable","11":"shipping-taxable","12":"product-type-simple"},"_links":{"self":[{"href":"https:\/\/www.bynaldis-shop.com\/index.php?rest_route=\/wp\/v2\/product\/10484","targetHints":{"allow":["GET"]}}],"collection":[{"href":"https:\/\/www.bynaldis-shop.com\/index.php?rest_route=\/wp\/v2\/product"}],"about":[{"href":"https:\/\/www.bynaldis-shop.com\/index.php?rest_route=\/wp\/v2\/types\/product"}],"wp:featuredmedia":[{"embeddable":true,"href":"https:\/\/www.bynaldis-shop.com\/index.php?rest_route=\/wp\/v2\/media\/10485"}],"wp:attachment":[{"href":"https:\/\/www.bynaldis-shop.com\/index.php?rest_route=%2Fwp%2Fv2%2Fmedia&parent=10484"}],"wp:term":[{"taxonomy":"product_brand","embeddable":true,"href":"https:\/\/www.bynaldis-shop.com\/index.php?rest_route=%2Fwp%2Fv2%2Fproduct_brand&post=10484"},{"taxonomy":"product_cat","embeddable":true,"href":"https:\/\/www.bynaldis-shop.com\/index.php?rest_route=%2Fwp%2Fv2%2Fproduct_cat&post=10484"},{"taxonomy":"product_tag","embeddable":true,"href":"https:\/\/www.bynaldis-shop.com\/index.php?rest_route=%2Fwp%2Fv2%2Fproduct_tag&post=10484"}],"curies":[{"name":"wp","href":"https:\/\/api.w.org\/{rel}","templated":true}]}}