{"id":10472,"date":"2025-09-18T17:58:30","date_gmt":"2025-09-18T15:58:30","guid":{"rendered":"https:\/\/www.bynaldis-shop.com\/?post_type=product&#038;p=10472"},"modified":"2026-05-05T17:52:22","modified_gmt":"2026-05-05T15:52:22","slug":"cool-ocean","status":"publish","type":"product","link":"https:\/\/www.bynaldis-shop.com\/?product=cool-ocean","title":{"rendered":"Cool Ocean"},"content":{"rendered":"<p data-start=\"84\" data-end=\"284\">Cool Ocean ist ein Farbton voller Weite und Klarheit. Sein mittlerer bis dunkler Blauton mit einem frischen, k\u00fchlen Graustich erinnert an das tiefe, klare Wasser eines Ozeans unter bew\u00f6lktem Himmel.<\/p>\n<p data-start=\"286\" data-end=\"553\">Er wirkt belebend und zugleich ruhig, strahlt maritime Tiefe aus und tr\u00e4gt eine leicht mineralische Note in sich. Cool Ocean bringt eine frische Brise in den Raum, wie Wind und salzige Gischt am Meer, und schenkt ein Gef\u00fchl von Freiheit, Ruhe und unendlicher Weite.<\/p>\n<p data-start=\"555\" data-end=\"716\">Mehr als nur eine Farbe, ist Cool Ocean ein stiller Moment am Meer, ein Hauch von Ozeanluft, der R\u00e4ume erf\u00fcllt, die Sinne belebt und die Seele sanft erfrischt.<\/p>\n","protected":false},"excerpt":{"rendered":"<p>Cool Ocean ist ein Farbton voller Weite und Klarheit. Sein mittlerer bis dunkler Blauton mit einem frischen, k\u00fchlen Graustich erinnert an das tiefe, klare Wasser eines Ozeans unter bew\u00f6lktem Himmel. Er wirkt belebend und zugleich ruhig, strahlt maritime Tiefe aus und tr\u00e4gt eine leicht mineralische Note in sich. Cool Ocean bringt eine frische Brise in [&hellip;]<\/p>\n<p><a class=\"read-more\" href=\"https:\/\/www.bynaldis-shop.com\/?product=cool-ocean\">Mehr lesen<span class=\"meta-nav\">&rarr;<\/span><\/a><\/p>\n","protected":false},"featured_media":10473,"template":"","meta":[],"product_brand":[],"product_cat":[300],"product_tag":[],"class_list":{"0":"post-10472","1":"product","2":"type-product","3":"status-publish","4":"has-post-thumbnail","6":"product_cat-farbtoene","8":"first","9":"instock","10":"taxable","11":"shipping-taxable","12":"product-type-simple"},"_links":{"self":[{"href":"https:\/\/www.bynaldis-shop.com\/index.php?rest_route=\/wp\/v2\/product\/10472","targetHints":{"allow":["GET"]}}],"collection":[{"href":"https:\/\/www.bynaldis-shop.com\/index.php?rest_route=\/wp\/v2\/product"}],"about":[{"href":"https:\/\/www.bynaldis-shop.com\/index.php?rest_route=\/wp\/v2\/types\/product"}],"wp:featuredmedia":[{"embeddable":true,"href":"https:\/\/www.bynaldis-shop.com\/index.php?rest_route=\/wp\/v2\/media\/10473"}],"wp:attachment":[{"href":"https:\/\/www.bynaldis-shop.com\/index.php?rest_route=%2Fwp%2Fv2%2Fmedia&parent=10472"}],"wp:term":[{"taxonomy":"product_brand","embeddable":true,"href":"https:\/\/www.bynaldis-shop.com\/index.php?rest_route=%2Fwp%2Fv2%2Fproduct_brand&post=10472"},{"taxonomy":"product_cat","embeddable":true,"href":"https:\/\/www.bynaldis-shop.com\/index.php?rest_route=%2Fwp%2Fv2%2Fproduct_cat&post=10472"},{"taxonomy":"product_tag","embeddable":true,"href":"https:\/\/www.bynaldis-shop.com\/index.php?rest_route=%2Fwp%2Fv2%2Fproduct_tag&post=10472"}],"curies":[{"name":"wp","href":"https:\/\/api.w.org\/{rel}","templated":true}]}}