{"id":10470,"date":"2025-09-18T17:57:34","date_gmt":"2025-09-18T15:57:34","guid":{"rendered":"https:\/\/www.bynaldis-shop.com\/?post_type=product&#038;p=10470"},"modified":"2026-05-05T17:52:50","modified_gmt":"2026-05-05T15:52:50","slug":"blue-lake","status":"publish","type":"product","link":"https:\/\/www.bynaldis-shop.com\/?product=blue-lake","title":{"rendered":"Blue Lake"},"content":{"rendered":"<p data-start=\"83\" data-end=\"270\">Blue Lake ist ein Farbton voller Ruhe und Klarheit. Sein tiefes, klares und leuchtendes Blau erinnert an das stille, tiefgr\u00fcndige Wasser eines abgelegenen Sees, unber\u00fchrt und friedvoll.<\/p>\n<p data-start=\"272\" data-end=\"531\">Er strahlt eine beruhigende und gleichzeitig erfrischende Atmosph\u00e4re aus, wie der stille Charakter eines Bergsees, dessen Wasser Licht und Schatten sanft reflektiert. Blue Lake vermittelt Tiefe und Frische, schenkt Entspannung und belebt zugleich die Sinne.<\/p>\n<p data-start=\"533\" data-end=\"717\">Mehr als nur eine Farbe, ist Blue Lake ein Moment der Stille in der Natur, ein Hauch von Bergsee, der R\u00e4ume erf\u00fcllt, die Seele ber\u00fchrt und ein Gef\u00fchl von klarer Gelassenheit schenkt.<\/p>\n","protected":false},"excerpt":{"rendered":"<p>Blue Lake ist ein Farbton voller Ruhe und Klarheit. Sein tiefes, klares und leuchtendes Blau erinnert an das stille, tiefgr\u00fcndige Wasser eines abgelegenen Sees, unber\u00fchrt und friedvoll. Er strahlt eine beruhigende und gleichzeitig erfrischende Atmosph\u00e4re aus, wie der stille Charakter eines Bergsees, dessen Wasser Licht und Schatten sanft reflektiert. Blue Lake vermittelt Tiefe und Frische, [&hellip;]<\/p>\n<p><a class=\"read-more\" href=\"https:\/\/www.bynaldis-shop.com\/?product=blue-lake\">Mehr lesen<span class=\"meta-nav\">&rarr;<\/span><\/a><\/p>\n","protected":false},"featured_media":10471,"template":"","meta":[],"product_brand":[],"product_cat":[300],"product_tag":[],"class_list":{"0":"post-10470","1":"product","2":"type-product","3":"status-publish","4":"has-post-thumbnail","6":"product_cat-farbtoene","8":"first","9":"instock","10":"taxable","11":"shipping-taxable","12":"product-type-simple"},"_links":{"self":[{"href":"https:\/\/www.bynaldis-shop.com\/index.php?rest_route=\/wp\/v2\/product\/10470","targetHints":{"allow":["GET"]}}],"collection":[{"href":"https:\/\/www.bynaldis-shop.com\/index.php?rest_route=\/wp\/v2\/product"}],"about":[{"href":"https:\/\/www.bynaldis-shop.com\/index.php?rest_route=\/wp\/v2\/types\/product"}],"wp:featuredmedia":[{"embeddable":true,"href":"https:\/\/www.bynaldis-shop.com\/index.php?rest_route=\/wp\/v2\/media\/10471"}],"wp:attachment":[{"href":"https:\/\/www.bynaldis-shop.com\/index.php?rest_route=%2Fwp%2Fv2%2Fmedia&parent=10470"}],"wp:term":[{"taxonomy":"product_brand","embeddable":true,"href":"https:\/\/www.bynaldis-shop.com\/index.php?rest_route=%2Fwp%2Fv2%2Fproduct_brand&post=10470"},{"taxonomy":"product_cat","embeddable":true,"href":"https:\/\/www.bynaldis-shop.com\/index.php?rest_route=%2Fwp%2Fv2%2Fproduct_cat&post=10470"},{"taxonomy":"product_tag","embeddable":true,"href":"https:\/\/www.bynaldis-shop.com\/index.php?rest_route=%2Fwp%2Fv2%2Fproduct_tag&post=10470"}],"curies":[{"name":"wp","href":"https:\/\/api.w.org\/{rel}","templated":true}]}}