{"id":10468,"date":"2025-09-18T17:55:21","date_gmt":"2025-09-18T15:55:21","guid":{"rendered":"https:\/\/www.bynaldis-shop.com\/?post_type=product&#038;p=10468"},"modified":"2026-05-05T17:53:11","modified_gmt":"2026-05-05T15:53:11","slug":"bayside","status":"publish","type":"product","link":"https:\/\/www.bynaldis-shop.com\/?product=bayside","title":{"rendered":"Bayside"},"content":{"rendered":"<p data-start=\"86\" data-end=\"300\">Bayside ist ein Farbton, der die stille Kraft des Meeres in sich tr\u00e4gt. Zwischen Blau und Gr\u00fcn schimmert er wie das ruhige Wasser einer gesch\u00fctzten Bucht, sanft bewegt von leichtem Wind und von Licht durchflutet.<\/p>\n<p data-start=\"302\" data-end=\"535\">Er wirkt klar, nat\u00fcrlich und frisch und bringt eine tiefe Gelassenheit in jeden Raum. Dieser Farbton erinnert an salzige Meeresluft, an sanfte Wellen, die leise ans Ufer rollen, und an das glitzernde Spiel von Licht auf dem Wasser.<\/p>\n<p data-start=\"537\" data-end=\"738\">Mehr als nur eine Farbe, ist Bayside ein Hauch von K\u00fcste, ein Moment der Ruhe und Erneuerung, der R\u00e4ume erf\u00fcllt, die Seele beruhigt und das Zuhause mit der Klarheit und Freiheit des Meeres verbindet.<\/p>\n","protected":false},"excerpt":{"rendered":"<p>Bayside ist ein Farbton, der die stille Kraft des Meeres in sich tr\u00e4gt. Zwischen Blau und Gr\u00fcn schimmert er wie das ruhige Wasser einer gesch\u00fctzten Bucht, sanft bewegt von leichtem Wind und von Licht durchflutet. Er wirkt klar, nat\u00fcrlich und frisch und bringt eine tiefe Gelassenheit in jeden Raum. Dieser Farbton erinnert an salzige Meeresluft, [&hellip;]<\/p>\n<p><a class=\"read-more\" href=\"https:\/\/www.bynaldis-shop.com\/?product=bayside\">Mehr lesen<span class=\"meta-nav\">&rarr;<\/span><\/a><\/p>\n","protected":false},"featured_media":10469,"template":"","meta":[],"product_brand":[],"product_cat":[300],"product_tag":[],"class_list":{"0":"post-10468","1":"product","2":"type-product","3":"status-publish","4":"has-post-thumbnail","6":"product_cat-farbtoene","8":"first","9":"instock","10":"taxable","11":"shipping-taxable","12":"product-type-simple"},"_links":{"self":[{"href":"https:\/\/www.bynaldis-shop.com\/index.php?rest_route=\/wp\/v2\/product\/10468","targetHints":{"allow":["GET"]}}],"collection":[{"href":"https:\/\/www.bynaldis-shop.com\/index.php?rest_route=\/wp\/v2\/product"}],"about":[{"href":"https:\/\/www.bynaldis-shop.com\/index.php?rest_route=\/wp\/v2\/types\/product"}],"wp:featuredmedia":[{"embeddable":true,"href":"https:\/\/www.bynaldis-shop.com\/index.php?rest_route=\/wp\/v2\/media\/10469"}],"wp:attachment":[{"href":"https:\/\/www.bynaldis-shop.com\/index.php?rest_route=%2Fwp%2Fv2%2Fmedia&parent=10468"}],"wp:term":[{"taxonomy":"product_brand","embeddable":true,"href":"https:\/\/www.bynaldis-shop.com\/index.php?rest_route=%2Fwp%2Fv2%2Fproduct_brand&post=10468"},{"taxonomy":"product_cat","embeddable":true,"href":"https:\/\/www.bynaldis-shop.com\/index.php?rest_route=%2Fwp%2Fv2%2Fproduct_cat&post=10468"},{"taxonomy":"product_tag","embeddable":true,"href":"https:\/\/www.bynaldis-shop.com\/index.php?rest_route=%2Fwp%2Fv2%2Fproduct_tag&post=10468"}],"curies":[{"name":"wp","href":"https:\/\/api.w.org\/{rel}","templated":true}]}}