{"id":10450,"date":"2025-09-18T17:39:54","date_gmt":"2025-09-18T15:39:54","guid":{"rendered":"https:\/\/www.bynaldis-shop.com\/?post_type=product&#038;p=10450"},"modified":"2026-05-05T17:56:09","modified_gmt":"2026-05-05T15:56:09","slug":"garden-breeze","status":"publish","type":"product","link":"https:\/\/www.bynaldis-shop.com\/?product=garden-breeze","title":{"rendered":"Garden Breeze"},"content":{"rendered":"<p data-start=\"87\" data-end=\"317\">Garden Breeze ist ein Farbton voller Frische und Lebendigkeit. Sein mittleres, kr\u00e4ftiges Gr\u00fcn f\u00e4ngt die ruhige Energie eines Gartens ein, in dem Bl\u00e4tter sanft im Wind wiegen und Licht und Schatten ein harmonisches Spiel ergeben.<\/p>\n<p data-start=\"319\" data-end=\"572\">Er wirkt erfrischend, belebend und zugleich beruhigend, wie eine sanfte Brise, die durch \u00fcppiges Gr\u00fcn streicht und R\u00e4ume mit nat\u00fcrlicher Klarheit und Vitalit\u00e4t erf\u00fcllt. Garden Breeze schenkt eine Atmosph\u00e4re von Frische, Ruhe und nat\u00fcrlicher Sch\u00f6nheit.<\/p>\n<p data-start=\"574\" data-end=\"768\">Mehr als nur eine Farbe, ist Garden Breeze ein Moment lebendiger Natur, ein Hauch von Freiheit und Erneuerung, der R\u00e4ume belebt, die Sinne kl\u00e4rt und eine harmonische, gr\u00fcne Energie vermittelt.<\/p>\n","protected":false},"excerpt":{"rendered":"<p>Garden Breeze ist ein Farbton voller Frische und Lebendigkeit. Sein mittleres, kr\u00e4ftiges Gr\u00fcn f\u00e4ngt die ruhige Energie eines Gartens ein, in dem Bl\u00e4tter sanft im Wind wiegen und Licht und Schatten ein harmonisches Spiel ergeben. Er wirkt erfrischend, belebend und zugleich beruhigend, wie eine sanfte Brise, die durch \u00fcppiges Gr\u00fcn streicht und R\u00e4ume mit nat\u00fcrlicher [&hellip;]<\/p>\n<p><a class=\"read-more\" href=\"https:\/\/www.bynaldis-shop.com\/?product=garden-breeze\">Mehr lesen<span class=\"meta-nav\">&rarr;<\/span><\/a><\/p>\n","protected":false},"featured_media":10451,"template":"","meta":[],"product_brand":[],"product_cat":[300],"product_tag":[],"class_list":{"0":"post-10450","1":"product","2":"type-product","3":"status-publish","4":"has-post-thumbnail","6":"product_cat-farbtoene","8":"first","9":"instock","10":"taxable","11":"shipping-taxable","12":"product-type-simple"},"_links":{"self":[{"href":"https:\/\/www.bynaldis-shop.com\/index.php?rest_route=\/wp\/v2\/product\/10450","targetHints":{"allow":["GET"]}}],"collection":[{"href":"https:\/\/www.bynaldis-shop.com\/index.php?rest_route=\/wp\/v2\/product"}],"about":[{"href":"https:\/\/www.bynaldis-shop.com\/index.php?rest_route=\/wp\/v2\/types\/product"}],"wp:featuredmedia":[{"embeddable":true,"href":"https:\/\/www.bynaldis-shop.com\/index.php?rest_route=\/wp\/v2\/media\/10451"}],"wp:attachment":[{"href":"https:\/\/www.bynaldis-shop.com\/index.php?rest_route=%2Fwp%2Fv2%2Fmedia&parent=10450"}],"wp:term":[{"taxonomy":"product_brand","embeddable":true,"href":"https:\/\/www.bynaldis-shop.com\/index.php?rest_route=%2Fwp%2Fv2%2Fproduct_brand&post=10450"},{"taxonomy":"product_cat","embeddable":true,"href":"https:\/\/www.bynaldis-shop.com\/index.php?rest_route=%2Fwp%2Fv2%2Fproduct_cat&post=10450"},{"taxonomy":"product_tag","embeddable":true,"href":"https:\/\/www.bynaldis-shop.com\/index.php?rest_route=%2Fwp%2Fv2%2Fproduct_tag&post=10450"}],"curies":[{"name":"wp","href":"https:\/\/api.w.org\/{rel}","templated":true}]}}