{"id":10448,"date":"2025-09-18T17:39:08","date_gmt":"2025-09-18T15:39:08","guid":{"rendered":"https:\/\/www.bynaldis-shop.com\/?post_type=product&#038;p=10448"},"modified":"2026-05-05T17:56:29","modified_gmt":"2026-05-05T15:56:29","slug":"fuchsia","status":"publish","type":"product","link":"https:\/\/www.bynaldis-shop.com\/?product=fuchsia","title":{"rendered":"Fuchsia"},"content":{"rendered":"<p data-start=\"81\" data-end=\"283\">Fuchsia ist ein Farbton voller Energie und Ausdruckskraft. Sein kr\u00e4ftiges, lebendiges Pink mit intensivem Rotstich erinnert an die leuchtenden Bl\u00fcten der Fuchsie und zieht sofort alle Blicke auf sich.<\/p>\n<p data-start=\"285\" data-end=\"514\">Er wirkt lebhaft, selbstbewusst und dynamisch, wie ein Moment voller Leidenschaft und Lebensfreude, der R\u00e4ume mit strahlender Pr\u00e4senz erf\u00fcllt. Fuchsia bringt Energie, Ausdrucksst\u00e4rke und eine verspielte Eleganz in jedes Umfeld.<\/p>\n<p data-start=\"516\" data-end=\"726\">Mehr als nur eine Farbe, ist Fuchsia ein lebendiger Hauch von Natur, ein strahlender Moment voller Intensit\u00e4t, der R\u00e4ume belebt, die Sinne inspiriert und eine leidenschaftliche, dynamische Atmosph\u00e4re schenkt.<\/p>\n","protected":false},"excerpt":{"rendered":"<p>Fuchsia ist ein Farbton voller Energie und Ausdruckskraft. Sein kr\u00e4ftiges, lebendiges Pink mit intensivem Rotstich erinnert an die leuchtenden Bl\u00fcten der Fuchsie und zieht sofort alle Blicke auf sich. Er wirkt lebhaft, selbstbewusst und dynamisch, wie ein Moment voller Leidenschaft und Lebensfreude, der R\u00e4ume mit strahlender Pr\u00e4senz erf\u00fcllt. Fuchsia bringt Energie, Ausdrucksst\u00e4rke und eine verspielte [&hellip;]<\/p>\n<p><a class=\"read-more\" href=\"https:\/\/www.bynaldis-shop.com\/?product=fuchsia\">Mehr lesen<span class=\"meta-nav\">&rarr;<\/span><\/a><\/p>\n","protected":false},"featured_media":10449,"template":"","meta":[],"product_brand":[],"product_cat":[300],"product_tag":[],"class_list":{"0":"post-10448","1":"product","2":"type-product","3":"status-publish","4":"has-post-thumbnail","6":"product_cat-farbtoene","8":"first","9":"instock","10":"taxable","11":"shipping-taxable","12":"product-type-simple"},"_links":{"self":[{"href":"https:\/\/www.bynaldis-shop.com\/index.php?rest_route=\/wp\/v2\/product\/10448","targetHints":{"allow":["GET"]}}],"collection":[{"href":"https:\/\/www.bynaldis-shop.com\/index.php?rest_route=\/wp\/v2\/product"}],"about":[{"href":"https:\/\/www.bynaldis-shop.com\/index.php?rest_route=\/wp\/v2\/types\/product"}],"wp:featuredmedia":[{"embeddable":true,"href":"https:\/\/www.bynaldis-shop.com\/index.php?rest_route=\/wp\/v2\/media\/10449"}],"wp:attachment":[{"href":"https:\/\/www.bynaldis-shop.com\/index.php?rest_route=%2Fwp%2Fv2%2Fmedia&parent=10448"}],"wp:term":[{"taxonomy":"product_brand","embeddable":true,"href":"https:\/\/www.bynaldis-shop.com\/index.php?rest_route=%2Fwp%2Fv2%2Fproduct_brand&post=10448"},{"taxonomy":"product_cat","embeddable":true,"href":"https:\/\/www.bynaldis-shop.com\/index.php?rest_route=%2Fwp%2Fv2%2Fproduct_cat&post=10448"},{"taxonomy":"product_tag","embeddable":true,"href":"https:\/\/www.bynaldis-shop.com\/index.php?rest_route=%2Fwp%2Fv2%2Fproduct_tag&post=10448"}],"curies":[{"name":"wp","href":"https:\/\/api.w.org\/{rel}","templated":true}]}}