{"id":10445,"date":"2025-09-18T17:35:18","date_gmt":"2025-09-18T15:35:18","guid":{"rendered":"https:\/\/www.bynaldis-shop.com\/?post_type=product&#038;p=10445"},"modified":"2026-05-05T17:56:57","modified_gmt":"2026-05-05T15:56:57","slug":"french-vanilla","status":"publish","type":"product","link":"https:\/\/www.bynaldis-shop.com\/?product=french-vanilla","title":{"rendered":"French Vanilla"},"content":{"rendered":"<p data-start=\"88\" data-end=\"301\">French Vanilla ist ein Farbton voller Sanftheit und W\u00e4rme. Sein weiches, cremiges Off-White mit einem warmen, leicht gelblichen Unterton erinnert an s\u00fc\u00dfe Vanillecreme und verstr\u00f6mt eine einladende, sanfte W\u00e4rme.<\/p>\n<p data-start=\"303\" data-end=\"546\">Er wirkt dezent, hell und elegant zugleich und schafft R\u00e4ume, die Geborgenheit, Ruhe und harmonische Sch\u00f6nheit ausstrahlen. French Vanilla verbindet Leichtigkeit mit zarter Eleganz und schenkt jedem Raum eine wohlige, freundliche Atmosph\u00e4re.<\/p>\n<p data-start=\"548\" data-end=\"754\">Mehr als nur eine Farbe, ist French Vanilla ein stiller Moment des Wohlbefindens, ein Hauch von W\u00e4rme und Sanftheit, der R\u00e4ume beruhigt, die Sinne streichelt und eine subtile, zeitlose Eleganz vermittelt.<\/p>\n","protected":false},"excerpt":{"rendered":"<p>French Vanilla ist ein Farbton voller Sanftheit und W\u00e4rme. Sein weiches, cremiges Off-White mit einem warmen, leicht gelblichen Unterton erinnert an s\u00fc\u00dfe Vanillecreme und verstr\u00f6mt eine einladende, sanfte W\u00e4rme. Er wirkt dezent, hell und elegant zugleich und schafft R\u00e4ume, die Geborgenheit, Ruhe und harmonische Sch\u00f6nheit ausstrahlen. French Vanilla verbindet Leichtigkeit mit zarter Eleganz und schenkt [&hellip;]<\/p>\n<p><a class=\"read-more\" href=\"https:\/\/www.bynaldis-shop.com\/?product=french-vanilla\">Mehr lesen<span class=\"meta-nav\">&rarr;<\/span><\/a><\/p>\n","protected":false},"featured_media":10446,"template":"","meta":[],"product_brand":[],"product_cat":[300],"product_tag":[],"class_list":{"0":"post-10445","1":"product","2":"type-product","3":"status-publish","4":"has-post-thumbnail","6":"product_cat-farbtoene","8":"first","9":"instock","10":"taxable","11":"shipping-taxable","12":"product-type-simple"},"_links":{"self":[{"href":"https:\/\/www.bynaldis-shop.com\/index.php?rest_route=\/wp\/v2\/product\/10445","targetHints":{"allow":["GET"]}}],"collection":[{"href":"https:\/\/www.bynaldis-shop.com\/index.php?rest_route=\/wp\/v2\/product"}],"about":[{"href":"https:\/\/www.bynaldis-shop.com\/index.php?rest_route=\/wp\/v2\/types\/product"}],"wp:featuredmedia":[{"embeddable":true,"href":"https:\/\/www.bynaldis-shop.com\/index.php?rest_route=\/wp\/v2\/media\/10446"}],"wp:attachment":[{"href":"https:\/\/www.bynaldis-shop.com\/index.php?rest_route=%2Fwp%2Fv2%2Fmedia&parent=10445"}],"wp:term":[{"taxonomy":"product_brand","embeddable":true,"href":"https:\/\/www.bynaldis-shop.com\/index.php?rest_route=%2Fwp%2Fv2%2Fproduct_brand&post=10445"},{"taxonomy":"product_cat","embeddable":true,"href":"https:\/\/www.bynaldis-shop.com\/index.php?rest_route=%2Fwp%2Fv2%2Fproduct_cat&post=10445"},{"taxonomy":"product_tag","embeddable":true,"href":"https:\/\/www.bynaldis-shop.com\/index.php?rest_route=%2Fwp%2Fv2%2Fproduct_tag&post=10445"}],"curies":[{"name":"wp","href":"https:\/\/api.w.org\/{rel}","templated":true}]}}