{"id":10429,"date":"2025-09-18T17:28:32","date_gmt":"2025-09-18T15:28:32","guid":{"rendered":"https:\/\/www.bynaldis-shop.com\/?post_type=product&#038;p=10429"},"modified":"2026-05-05T17:59:19","modified_gmt":"2026-05-05T15:59:19","slug":"midnight-black","status":"publish","type":"product","link":"https:\/\/www.bynaldis-shop.com\/?product=midnight-black","title":{"rendered":"Midnight Black"},"content":{"rendered":"<p data-start=\"88\" data-end=\"326\">Midnight Black ist ein Farbton voller Geheimnis und Tiefe. Sein sattes Schwarz mit k\u00fchler, samtiger Ausstrahlung erinnert an die stille Dunkelheit einer klaren Mitternachtsnacht, in der alles zur Ruhe kommt und die Sterne leise funkeln.<\/p>\n<p data-start=\"328\" data-end=\"570\">Er wirkt elegant, kraftvoll und beruhigend zugleich und verleiht R\u00e4umen eine mystische, edle Atmosph\u00e4re. Midnight Black schafft Kontraste, betont andere Farben und Materialien und bringt zugleich eine stille, zeitlose Pr\u00e4senz in jeden Raum.<\/p>\n<p data-start=\"572\" data-end=\"757\">Mehr als nur eine Farbe, ist Midnight Black ein Moment der Ruhe und des Geheimnisses, ein tiefer Atemzug der Nacht, der R\u00e4ume umh\u00fcllt, die Sinne kl\u00e4rt und eine elegante Tiefe schenkt.<\/p>\n","protected":false},"excerpt":{"rendered":"<p>Midnight Black ist ein Farbton voller Geheimnis und Tiefe. Sein sattes Schwarz mit k\u00fchler, samtiger Ausstrahlung erinnert an die stille Dunkelheit einer klaren Mitternachtsnacht, in der alles zur Ruhe kommt und die Sterne leise funkeln. Er wirkt elegant, kraftvoll und beruhigend zugleich und verleiht R\u00e4umen eine mystische, edle Atmosph\u00e4re. Midnight Black schafft Kontraste, betont andere [&hellip;]<\/p>\n<p><a class=\"read-more\" href=\"https:\/\/www.bynaldis-shop.com\/?product=midnight-black\">Mehr lesen<span class=\"meta-nav\">&rarr;<\/span><\/a><\/p>\n","protected":false},"featured_media":10430,"template":"","meta":[],"product_brand":[],"product_cat":[300],"product_tag":[],"class_list":{"0":"post-10429","1":"product","2":"type-product","3":"status-publish","4":"has-post-thumbnail","6":"product_cat-farbtoene","8":"first","9":"instock","10":"taxable","11":"shipping-taxable","12":"product-type-simple"},"_links":{"self":[{"href":"https:\/\/www.bynaldis-shop.com\/index.php?rest_route=\/wp\/v2\/product\/10429","targetHints":{"allow":["GET"]}}],"collection":[{"href":"https:\/\/www.bynaldis-shop.com\/index.php?rest_route=\/wp\/v2\/product"}],"about":[{"href":"https:\/\/www.bynaldis-shop.com\/index.php?rest_route=\/wp\/v2\/types\/product"}],"wp:featuredmedia":[{"embeddable":true,"href":"https:\/\/www.bynaldis-shop.com\/index.php?rest_route=\/wp\/v2\/media\/10430"}],"wp:attachment":[{"href":"https:\/\/www.bynaldis-shop.com\/index.php?rest_route=%2Fwp%2Fv2%2Fmedia&parent=10429"}],"wp:term":[{"taxonomy":"product_brand","embeddable":true,"href":"https:\/\/www.bynaldis-shop.com\/index.php?rest_route=%2Fwp%2Fv2%2Fproduct_brand&post=10429"},{"taxonomy":"product_cat","embeddable":true,"href":"https:\/\/www.bynaldis-shop.com\/index.php?rest_route=%2Fwp%2Fv2%2Fproduct_cat&post=10429"},{"taxonomy":"product_tag","embeddable":true,"href":"https:\/\/www.bynaldis-shop.com\/index.php?rest_route=%2Fwp%2Fv2%2Fproduct_tag&post=10429"}],"curies":[{"name":"wp","href":"https:\/\/api.w.org\/{rel}","templated":true}]}}