{"id":10427,"date":"2025-09-18T17:27:14","date_gmt":"2025-09-18T15:27:14","guid":{"rendered":"https:\/\/www.bynaldis-shop.com\/?post_type=product&#038;p=10427"},"modified":"2026-05-05T17:59:41","modified_gmt":"2026-05-05T15:59:41","slug":"fog","status":"publish","type":"product","link":"https:\/\/www.bynaldis-shop.com\/?product=fog","title":{"rendered":"Fog"},"content":{"rendered":"<p data-start=\"77\" data-end=\"272\">Fog ist ein Farbton voller Ruhe und klarer Eleganz. Sein k\u00fchles, sanftes Grau, durchzogen von einer leichten rauchigen Note, erinnert an stillen Nebel, der sich sanft \u00fcber eine Landschaft legt.<\/p>\n<p data-start=\"274\" data-end=\"491\">Er wirkt neutral, ausgewogen und harmonisch und eignet sich perfekt f\u00fcr moderne, minimalistische und skandinavische Raumgestaltungen. Fog schafft R\u00e4ume, die Klarheit, Gelassenheit und zeitlose Sch\u00f6nheit ausstrahlen.<\/p>\n<p data-start=\"493\" data-end=\"640\">Mehr als nur eine Farbe, ist Fog ein stiller Moment der Besinnung, der R\u00e4ume beruhigt, die Sinne kl\u00e4rt und eine dezente, edle Atmosph\u00e4re schenkt.<\/p>\n","protected":false},"excerpt":{"rendered":"<p>Fog ist ein Farbton voller Ruhe und klarer Eleganz. Sein k\u00fchles, sanftes Grau, durchzogen von einer leichten rauchigen Note, erinnert an stillen Nebel, der sich sanft \u00fcber eine Landschaft legt. Er wirkt neutral, ausgewogen und harmonisch und eignet sich perfekt f\u00fcr moderne, minimalistische und skandinavische Raumgestaltungen. Fog schafft R\u00e4ume, die Klarheit, Gelassenheit und zeitlose Sch\u00f6nheit [&hellip;]<\/p>\n<p><a class=\"read-more\" href=\"https:\/\/www.bynaldis-shop.com\/?product=fog\">Mehr lesen<span class=\"meta-nav\">&rarr;<\/span><\/a><\/p>\n","protected":false},"featured_media":10428,"template":"","meta":[],"product_brand":[],"product_cat":[300],"product_tag":[],"class_list":{"0":"post-10427","1":"product","2":"type-product","3":"status-publish","4":"has-post-thumbnail","6":"product_cat-farbtoene","8":"first","9":"instock","10":"taxable","11":"shipping-taxable","12":"product-type-simple"},"_links":{"self":[{"href":"https:\/\/www.bynaldis-shop.com\/index.php?rest_route=\/wp\/v2\/product\/10427","targetHints":{"allow":["GET"]}}],"collection":[{"href":"https:\/\/www.bynaldis-shop.com\/index.php?rest_route=\/wp\/v2\/product"}],"about":[{"href":"https:\/\/www.bynaldis-shop.com\/index.php?rest_route=\/wp\/v2\/types\/product"}],"wp:featuredmedia":[{"embeddable":true,"href":"https:\/\/www.bynaldis-shop.com\/index.php?rest_route=\/wp\/v2\/media\/10428"}],"wp:attachment":[{"href":"https:\/\/www.bynaldis-shop.com\/index.php?rest_route=%2Fwp%2Fv2%2Fmedia&parent=10427"}],"wp:term":[{"taxonomy":"product_brand","embeddable":true,"href":"https:\/\/www.bynaldis-shop.com\/index.php?rest_route=%2Fwp%2Fv2%2Fproduct_brand&post=10427"},{"taxonomy":"product_cat","embeddable":true,"href":"https:\/\/www.bynaldis-shop.com\/index.php?rest_route=%2Fwp%2Fv2%2Fproduct_cat&post=10427"},{"taxonomy":"product_tag","embeddable":true,"href":"https:\/\/www.bynaldis-shop.com\/index.php?rest_route=%2Fwp%2Fv2%2Fproduct_tag&post=10427"}],"curies":[{"name":"wp","href":"https:\/\/api.w.org\/{rel}","templated":true}]}}