{"id":10401,"date":"2025-09-18T17:15:08","date_gmt":"2025-09-18T15:15:08","guid":{"rendered":"https:\/\/www.bynaldis-shop.com\/?post_type=product&#038;p=10401"},"modified":"2026-05-05T18:03:52","modified_gmt":"2026-05-05T16:03:52","slug":"hazelnut","status":"publish","type":"product","link":"https:\/\/www.bynaldis-shop.com\/?product=hazelnut","title":{"rendered":"Hazelnut"},"content":{"rendered":"<p data-start=\"115\" data-end=\"348\">Hazelnut ist ein Farbton, der wie ein Herbstgru\u00df der Natur wirkt. Warm und weich entfaltet er seine Tiefe, durchzogen von einem feinen goldenen Schimmer \u2013 wie die Schale einer Haselnuss, die in der milden Sonne des Herbstes gl\u00e4nzt.<\/p>\n<p data-start=\"350\" data-end=\"613\">Er tr\u00e4gt Behaglichkeit in sich, schenkt ein Gef\u00fchl von Zuhause und Geborgenheit und wirkt zugleich elegant in seiner Sanftheit. In seiner Balance aus Erdigkeit und feiner Eleganz erinnert er daran, dass wahre Sch\u00f6nheit oft in den kleinen, stillen Details liegt.<\/p>\n<p data-start=\"615\" data-end=\"808\">Hazelnut ist mehr als nur eine Farbe. Er ist eine Einladung, die W\u00e4rme der Erde zu sp\u00fcren, sich in der Nat\u00fcrlichkeit wohlzuf\u00fchlen und inmitten seiner sanften T\u00f6ne Ruhe und Harmonie zu finden.<\/p>\n","protected":false},"excerpt":{"rendered":"<p>Hazelnut ist ein Farbton, der wie ein Herbstgru\u00df der Natur wirkt. Warm und weich entfaltet er seine Tiefe, durchzogen von einem feinen goldenen Schimmer \u2013 wie die Schale einer Haselnuss, die in der milden Sonne des Herbstes gl\u00e4nzt. Er tr\u00e4gt Behaglichkeit in sich, schenkt ein Gef\u00fchl von Zuhause und Geborgenheit und wirkt zugleich elegant in [&hellip;]<\/p>\n<p><a class=\"read-more\" href=\"https:\/\/www.bynaldis-shop.com\/?product=hazelnut\">Mehr lesen<span class=\"meta-nav\">&rarr;<\/span><\/a><\/p>\n","protected":false},"featured_media":10402,"template":"","meta":[],"product_brand":[],"product_cat":[300],"product_tag":[],"class_list":{"0":"post-10401","1":"product","2":"type-product","3":"status-publish","4":"has-post-thumbnail","6":"product_cat-farbtoene","8":"first","9":"instock","10":"taxable","11":"shipping-taxable","12":"product-type-simple"},"_links":{"self":[{"href":"https:\/\/www.bynaldis-shop.com\/index.php?rest_route=\/wp\/v2\/product\/10401","targetHints":{"allow":["GET"]}}],"collection":[{"href":"https:\/\/www.bynaldis-shop.com\/index.php?rest_route=\/wp\/v2\/product"}],"about":[{"href":"https:\/\/www.bynaldis-shop.com\/index.php?rest_route=\/wp\/v2\/types\/product"}],"wp:featuredmedia":[{"embeddable":true,"href":"https:\/\/www.bynaldis-shop.com\/index.php?rest_route=\/wp\/v2\/media\/10402"}],"wp:attachment":[{"href":"https:\/\/www.bynaldis-shop.com\/index.php?rest_route=%2Fwp%2Fv2%2Fmedia&parent=10401"}],"wp:term":[{"taxonomy":"product_brand","embeddable":true,"href":"https:\/\/www.bynaldis-shop.com\/index.php?rest_route=%2Fwp%2Fv2%2Fproduct_brand&post=10401"},{"taxonomy":"product_cat","embeddable":true,"href":"https:\/\/www.bynaldis-shop.com\/index.php?rest_route=%2Fwp%2Fv2%2Fproduct_cat&post=10401"},{"taxonomy":"product_tag","embeddable":true,"href":"https:\/\/www.bynaldis-shop.com\/index.php?rest_route=%2Fwp%2Fv2%2Fproduct_tag&post=10401"}],"curies":[{"name":"wp","href":"https:\/\/api.w.org\/{rel}","templated":true}]}}